{"id":768,"date":"2016-05-21T17:50:51","date_gmt":"2016-05-21T15:50:51","guid":{"rendered":"http:\/\/kostelecuholesova.eu\/?page_id=768"},"modified":"2016-05-21T17:53:17","modified_gmt":"2016-05-21T15:53:17","slug":"zzo-c-7-zapis","status":"publish","type":"page","link":"https:\/\/kostelecuholesova.eu\/?page_id=768","title":{"rendered":"ZZO \u010d. 7 &#8211; z\u00e1pis"},"content":{"rendered":"<p><a href=\"http:\/\/kostelecuholesova.eu\/wp-content\/uploads\/2016\/02\/ZO-7_Page_01-e1456593542531.jpg\"><img loading=\"lazy\" decoding=\"async\" class=\"alignnone size-large wp-image-178\" src=\"http:\/\/kostelecuholesova.eu\/wp-content\/uploads\/2016\/02\/ZO-7_Page_01-e1456593542531-1024x221.jpg\" alt=\"ZO 7_Page_01\" width=\"474\" height=\"102\" \/><\/a><\/p>\n<p>Plnohodnotn\u00fd z\u00e1pis ze\u00a0<a href=\"http:\/\/kostelecuholesova.eu\/wp-content\/uploads\/2016\/02\/ZO-7.pdf\" target=\"_blank\">ZO 7<\/a> konan\u00e9ho dne 23. \u010dervna 2015.<\/p>\n<p>P\u0159\u00edlohy k z\u00e1pisu:<\/p>\n<ul>\n<li><a href=\"http:\/\/kostelecuholesova.eu\/wp-content\/uploads\/2016\/02\/ZO-7-P\u0159\u00edloha-k-bodu-\u010d.6-ZO-\u010d.-7.pdf\" target=\"_blank\">P\u0159\u00edloha k bodu \u010d.6 ZO \u010d. 7<\/a><\/li>\n<li><a href=\"http:\/\/kostelecuholesova.eu\/wp-content\/uploads\/2016\/02\/ZO-7-P\u0159\u00edloha-k-bodu-\u010d.8-ZO-\u010d-7..pdf\" target=\"_blank\">P\u0159\u00edloha k bodu \u010d.8 ZO \u010d. 7<\/a><\/li>\n<li><a href=\"http:\/\/kostelecuholesova.eu\/wp-content\/uploads\/2016\/02\/ZO-7-P\u0159\u00edloha-k-bodu-\u010d.-9-ZO-\u010d.7.pdf\" target=\"_blank\">P\u0159\u00edloha k bodu \u010d.9 ZO \u010d. 7<\/a><\/li>\n<\/ul>\n<p style=\"text-align: justify;\">ZZO &#8211; zased\u00e1n\u00ed zastupitelstva obce. Dokumenty jsou publikov\u00e1ny tak, jak byly poskytnuty obc\u00ed (p. Hlobil) na z\u00e1klad\u011b m\u00e9 \u017e\u00e1dosti podle z\u00e1kona 106\/1999 Sb. o svobodn\u00e9m p\u0159\u00edstupu k informac\u00edm.<\/p>\n","protected":false},"excerpt":{"rendered":"<p>Plnohodnotn\u00fd z\u00e1pis ze\u00a0ZO 7 konan\u00e9ho dne 23. \u010dervna 2015. P\u0159\u00edlohy k z\u00e1pisu: P\u0159\u00edloha k bodu \u010d.6 ZO \u010d. 7 P\u0159\u00edloha k bodu \u010d.8 ZO \u010d. 7 P\u0159\u00edloha k bodu \u010d.9 ZO \u010d. 7 ZZO &#8211; zased\u00e1n\u00ed zastupitelstva obce. Dokumenty jsou publikov\u00e1ny tak, jak byly poskytnuty obc\u00ed (p. Hlobil) na z\u00e1klad\u011b m\u00e9 \u017e\u00e1dosti podle z\u00e1kona 106\/1999 &hellip; <a href=\"https:\/\/kostelecuholesova.eu\/?page_id=768\" class=\"more-link\">Pokra\u010dov\u00e1n\u00ed textu <span class=\"screen-reader-text\">ZZO \u010d. 7 &#8211; z\u00e1pis<\/span> <span class=\"meta-nav\">&rarr;<\/span><\/a><\/p>\n","protected":false},"author":1,"featured_media":0,"parent":663,"menu_order":0,"comment_status":"closed","ping_status":"closed","template":"","meta":{"_monsterinsights_skip_tracking":false,"_monsterinsights_sitenote_active":false,"_monsterinsights_sitenote_note":"","_monsterinsights_sitenote_category":0,"footnotes":""},"class_list":["post-768","page","type-page","status-publish","hentry"],"_links":{"self":[{"href":"https:\/\/kostelecuholesova.eu\/index.php?rest_route=\/wp\/v2\/pages\/768","targetHints":{"allow":["GET"]}}],"collection":[{"href":"https:\/\/kostelecuholesova.eu\/index.php?rest_route=\/wp\/v2\/pages"}],"about":[{"href":"https:\/\/kostelecuholesova.eu\/index.php?rest_route=\/wp\/v2\/types\/page"}],"author":[{"embeddable":true,"href":"https:\/\/kostelecuholesova.eu\/index.php?rest_route=\/wp\/v2\/users\/1"}],"replies":[{"embeddable":true,"href":"https:\/\/kostelecuholesova.eu\/index.php?rest_route=%2Fwp%2Fv2%2Fcomments&post=768"}],"version-history":[{"count":1,"href":"https:\/\/kostelecuholesova.eu\/index.php?rest_route=\/wp\/v2\/pages\/768\/revisions"}],"predecessor-version":[{"id":770,"href":"https:\/\/kostelecuholesova.eu\/index.php?rest_route=\/wp\/v2\/pages\/768\/revisions\/770"}],"up":[{"embeddable":true,"href":"https:\/\/kostelecuholesova.eu\/index.php?rest_route=\/wp\/v2\/pages\/663"}],"wp:attachment":[{"href":"https:\/\/kostelecuholesova.eu\/index.php?rest_route=%2Fwp%2Fv2%2Fmedia&parent=768"}],"curies":[{"name":"wp","href":"https:\/\/api.w.org\/{rel}","templated":true}]}}