{"id":3569,"date":"2017-07-01T12:21:25","date_gmt":"2017-07-01T10:21:25","guid":{"rendered":"http:\/\/kostelecuholesova.eu\/?page_id=3569"},"modified":"2017-08-24T12:23:57","modified_gmt":"2017-08-24T10:23:57","slug":"zzo-c-22-zapis","status":"publish","type":"page","link":"https:\/\/kostelecuholesova.eu\/?page_id=3569","title":{"rendered":"ZZO \u010d. 22 \u2013 z\u00e1pis"},"content":{"rendered":"<p><a href=\"http:\/\/kostelecuholesova.eu\/wp-content\/uploads\/2017\/07\/zapis-zastupitelstvo-c.-22-27.-6.-2017_Page_1-e1498902163269.jpg\"><img loading=\"lazy\" decoding=\"async\" class=\"alignnone size-large wp-image-3571\" src=\"http:\/\/kostelecuholesova.eu\/wp-content\/uploads\/2017\/07\/zapis-zastupitelstvo-c.-22-27.-6.-2017_Page_1-e1498902163269-1024x517.jpg\" alt=\"zapis zastupitelstvo c. 22 - 27. 6. 2017_Page_1\" width=\"474\" height=\"239\" srcset=\"https:\/\/kostelecuholesova.eu\/wp-content\/uploads\/2017\/07\/zapis-zastupitelstvo-c.-22-27.-6.-2017_Page_1-e1498902163269-1024x517.jpg 1024w, https:\/\/kostelecuholesova.eu\/wp-content\/uploads\/2017\/07\/zapis-zastupitelstvo-c.-22-27.-6.-2017_Page_1-e1498902163269-300x151.jpg 300w, https:\/\/kostelecuholesova.eu\/wp-content\/uploads\/2017\/07\/zapis-zastupitelstvo-c.-22-27.-6.-2017_Page_1-e1498902163269.jpg 1080w\" sizes=\"auto, (max-width: 474px) 100vw, 474px\" \/><\/a><\/p>\n<p>Z\u00e1pis bez podpis\u016f a data vyhotoven\u00ed, tak jak byl publikovan\u00fd na uzob.cz \u2013 <a href=\"http:\/\/kostelecuholesova.eu\/wp-content\/uploads\/2017\/07\/zapis-zastupitelstvo-c.-22-27.-6.-2017.pdf\" target=\"_blank\">zapis zastupitelstvo c. 22 &#8211; 27. 6. 2017<\/a><\/p>\n<p>Plnohodnotn\u00fd origin\u00e1ln\u00ed z\u00e1pis ze\u00a0ZZO 22 konan\u00e9ho dne 27. \u010dervna 2017 \u2013 <a href=\"http:\/\/kostelecuholesova.eu\/wp-content\/uploads\/2017\/07\/zapis-zastupitelstvo-c.-22-27.-6.-2017-original.pdf\" target=\"_blank\">zapis zastupitelstvo c. 22 &#8211; 27. 6. 2017 original<\/a>.<\/p>\n<p><span style=\"text-decoration: underline;\">P\u0159\u00edlohy k z\u00e1pisu:<\/span><\/p>\n<p><strong>Bod 2 schv\u00e1len\u00ed upraven\u00e9 projektov\u00e9 dokumentace ve\u0159ejn\u00e9ho osv\u011btlen\u00ed v obci<br \/>\n<\/strong><\/p>\n<ul>\n<li><a href=\"http:\/\/kostelecuholesova.eu\/wp-content\/uploads\/2017\/07\/PDF_technicka_dokumentace_VO_22Z-2-1.zip\">PDF_technicka_dokumentace_VO_22Z-2-1<\/a><\/li>\n<li><a href=\"http:\/\/kostelecuholesova.eu\/wp-content\/uploads\/2017\/07\/Pozadavky_na_svitidlo_VO_I_22Z-2-2.doc\" target=\"_blank\">Pozadavky_na_svitidlo_VO_I_22Z-2-2<\/a><\/li>\n<\/ul>\n<p><strong>Bod 3 schv\u00e1len\u00ed Zad\u00e1vac\u00ed dokumentace ve\u0159ejn\u00e9 zak\u00e1zky &#8222;Modernizace a roz\u0161\u00ed\u0159en\u00ed ve\u0159ejn\u00e9ho osv\u011btlen\u00ed v obci Kostelec u Hole\u0161ova&#8220;<\/strong><\/p>\n<ul>\n<li>zad\u00e1vac\u00ed dokumentace<a href=\"http:\/\/kostelecuholesova.eu\/wp-content\/uploads\/2017\/07\/ZD_22Z-3-1.doc\" target=\"_blank\"> ZD_22Z-3-1<\/a><\/li>\n<li>p\u0159\u00edloha \u010d. 1 Smlouva o d\u00edlo<a href=\"http:\/\/kostelecuholesova.eu\/wp-content\/uploads\/2017\/07\/1_SoD-OP_22Z-3-2.docx\" target=\"_blank\"> 1_SoD-OP_22Z-3-2<\/a><\/li>\n<li>p\u0159\u00edloha \u010d. 2 Kryc\u00ed list nab\u00eddky<a href=\"http:\/\/kostelecuholesova.eu\/wp-content\/uploads\/2017\/07\/2_Kryci_list_22Z-3-3.doc\" target=\"_blank\"> 2_Kryci_list_22Z-3-3<\/a><\/li>\n<li>p\u0159\u00edloha \u010d. 3<a href=\"http:\/\/kostelecuholesova.eu\/wp-content\/uploads\/2017\/07\/3_Seznam_osob_22Z-3-4.doc\" target=\"_blank\"> 3_Seznam_osob_22Z-3-4<\/a><\/li>\n<li><a href=\"http:\/\/kostelecuholesova.eu\/wp-content\/uploads\/2017\/07\/Pozadavky_na_svitidlo_VO_I_22Z-3-5.doc\" target=\"_blank\">Pozadavky_na_svitidlo_VO_I_22Z-3-5<\/a><\/li>\n<li><a href=\"http:\/\/kostelecuholesova.eu\/wp-content\/uploads\/2017\/07\/PDF_technicka_dokumentace_VO_22Z-3-6.zip\" target=\"_blank\">PDF_technicka_dokumentace_VO_22Z-3-6<\/a><\/li>\n<li>v\u00fdkaz v\u00fdm\u011br<a href=\"http:\/\/kostelecuholesova.eu\/wp-content\/uploads\/2017\/07\/216003-E-113-specifikace_22Z-3-7.xlsx\" target=\"_blank\"> 216003-E-113-specifikace_22Z-3-7<\/a><\/li>\n<li><a href=\"http:\/\/kostelecuholesova.eu\/wp-content\/uploads\/2017\/07\/Jmenovani_komise__22Z-3-8.docx\" target=\"_blank\">Jmenovani_komise__22Z-3-8<\/a><\/li>\n<\/ul>\n<p><strong>Bod 6 schv\u00e1len\u00ed z\u00e1v\u011bre\u010dn\u00e9ho \u00fa\u010dtu obce za rok 2016<\/strong><\/p>\n<ul>\n<li><a href=\"http:\/\/kostelecuholesova.eu\/wp-content\/uploads\/2017\/07\/Zverejneni_navrhu_Zaverecneho_uctu_22Z-6-1.pdf\" target=\"_blank\">Zverejneni_navrhu_Zaverecneho_uctu_22Z-6-1<\/a><\/li>\n<li><a href=\"http:\/\/kostelecuholesova.eu\/wp-content\/uploads\/2017\/07\/Zaverecny_ucet_obce_Kostelec_u_Holesova_za_rok_2016_22Z-6-2.pdf\" target=\"_blank\">Zaverecny_ucet_obce_Kostelec_u_Holesova_za_rok_2016_22Z-6-2<\/a><\/li>\n<li><a href=\"http:\/\/kostelecuholesova.eu\/wp-content\/uploads\/2017\/07\/Priloha_c._1_-_Hlavni_kniha_22Z-6-3.pdf\" target=\"_blank\">Priloha_c._1_-_Hlavni_kniha_22Z-6-3<\/a><\/li>\n<li><a href=\"http:\/\/kostelecuholesova.eu\/wp-content\/uploads\/2017\/07\/Priloha_c._1_-Rekapitulace_majetku_za_rok_2016_22Z-6-4.pdf\" target=\"_blank\">Priloha_c._1_-Rekapitulace_majetku_za_rok_2016_22Z-6-4<\/a><\/li>\n<li><a href=\"http:\/\/kostelecuholesova.eu\/wp-content\/uploads\/2017\/07\/Priloha_c._2_-Inventura_uctu_22Z-6-5.pdf\" target=\"_blank\">Priloha_c._2_-Inventura_uctu_22Z-6-5<\/a><\/li>\n<li><a href=\"http:\/\/kostelecuholesova.eu\/wp-content\/uploads\/2017\/07\/Priloha_c._3_-_Priloha_22Z-6-6.pdf\" target=\"_blank\">Priloha_c._3_-_Priloha_22Z-6-6<\/a><\/li>\n<li><a href=\"http:\/\/kostelecuholesova.eu\/wp-content\/uploads\/2017\/07\/Priloha_c._3_-_Rozvaha_22Z-6-7.pdf\" target=\"_blank\">Priloha_c._3_-_Rozvaha_22Z-6-7<\/a><\/li>\n<li><a href=\"http:\/\/kostelecuholesova.eu\/wp-content\/uploads\/2017\/07\/Priloha_c._3_-_Vykaz_zisku_a_ztrat_22Z-6-8.pdf\" target=\"_blank\">Priloha_c._3_-_Vykaz_zisku_a_ztrat_22Z-6-8<\/a><\/li>\n<li><a href=\"http:\/\/kostelecuholesova.eu\/wp-content\/uploads\/2017\/07\/Priloha_c._3_-Vykaz_o_plneni_rozpoctu_22Z-6-9.pdf\" target=\"_blank\">Priloha_c._3_-Vykaz_o_plneni_rozpoctu_22Z-6-9<\/a><\/li>\n<li><a href=\"http:\/\/kostelecuholesova.eu\/wp-content\/uploads\/2017\/07\/Priloha_c._4_-_Rozpis_cerpani_dotaci_22Z-6-10.pdf\" target=\"_blank\">Priloha_c._4_-_Rozpis_cerpani_dotaci_22Z-6-10<\/a><\/li>\n<li><a href=\"http:\/\/kostelecuholesova.eu\/wp-content\/uploads\/2017\/07\/Priloha_c._5_-_Hospodareni_MS_22Z-6-11.pdf\" target=\"_blank\">Priloha_c._5_-_Hospodareni_MS_22Z-6-11<\/a><\/li>\n<li><a href=\"http:\/\/kostelecuholesova.eu\/wp-content\/uploads\/2017\/07\/Priloha_c._5_-_Hospodareni_ZS_22Z-6-12.pdf\" target=\"_blank\">Priloha_c._5_-_Hospodareni_ZS_22Z-6-12<\/a><\/li>\n<li><a href=\"http:\/\/kostelecuholesova.eu\/wp-content\/uploads\/2017\/07\/Priloha_c._6_-Zprava_o_kontrole_hospodareni_za_rok_2016_22Z-6-13.pdf\" target=\"_blank\">Priloha_c._6_-Zprava_o_kontrole_hospodareni_za_rok_2016_22Z-6-13<\/a><\/li>\n<li><a href=\"http:\/\/kostelecuholesova.eu\/wp-content\/uploads\/2017\/07\/Pravni_posouzeni_kupni_smlouvy_Lezak_22Z-6-14.pdf\" target=\"_blank\">Pravni_posouzeni_kupni_smlouvy_Lezak_22Z-6-14<\/a><\/li>\n<li><a href=\"http:\/\/kostelecuholesova.eu\/wp-content\/uploads\/2017\/07\/Zhodnoceni_SK_drive_nyni_22Z-6-15.pdf\" target=\"_blank\">Zhodnoceni_SK_drive,_nyni_22Z-6-15<\/a><\/li>\n<li><a href=\"http:\/\/kostelecuholesova.eu\/wp-content\/uploads\/2017\/07\/Prijmy_vynosy_od_Scolarest_22Z-6-16.pdf\" target=\"_blank\">Prijmy,_vynosy_od_Scolarest_22Z-6-16<\/a><\/li>\n<\/ul>\n<ul>\n<li><a href=\"http:\/\/kostelecuholesova.eu\/wp-content\/uploads\/2017\/07\/OPATRENI_22Z-6-1.docx\" target=\"_blank\">OPATRENI_22Z-6-1<\/a><\/li>\n<li><a href=\"http:\/\/kostelecuholesova.eu\/wp-content\/uploads\/2017\/07\/OPATRENI_upravene_na_ZO_22Z-6-2.docx\" target=\"_blank\">OPATRENI_upravene_na_ZO_22Z-6-2<\/a><\/li>\n<li>p\u0159ipom\u00ednky zastupitele \u017d\u016frka s d\u016fvody, pro\u010d bude hlasovat proti<a href=\"http:\/\/kostelecuholesova.eu\/wp-content\/uploads\/2017\/07\/Priloha_od_zastupitele_Zurka_22Z-6-3.pdf\" target=\"_blank\"> Priloha_od_zastupitele_Zurka_22Z-6-3<\/a><\/li>\n<\/ul>\n<p><strong>Bod 7 schv\u00e1len\u00ed \u00fa\u010detn\u00ed uz\u00e1v\u011brky a hospod\u00e1\u0159sk\u00e9ho v\u00fdsledku obce za rok 2016<\/strong><\/p>\n<ul>\n<li><a href=\"http:\/\/kostelecuholesova.eu\/wp-content\/uploads\/2017\/07\/Priloha_c._3_-_Vykaz_zisku_a_ztrat_22Z-7-1.pdf\" target=\"_blank\">Priloha_c._3_-_Vykaz_zisku_a_ztrat_22Z-7-1<\/a><\/li>\n<\/ul>\n<p><strong>Bod 8 schv\u00e1len\u00ed z\u00e1v\u011bre\u010dn\u00e9ho \u00fa\u010dtu Svazku obc\u00ed pro hospoda\u0159en\u00ed s odpady za rok 2016<\/strong><\/p>\n<ul>\n<li><a href=\"http:\/\/kostelecuholesova.eu\/wp-content\/uploads\/2017\/07\/Zaverecny_ucet_Svazku_22Z-8-1.pdf\" target=\"_blank\">Zaverecny_ucet_Svazku_22Z-8-1<\/a><\/li>\n<\/ul>\n<p><strong>Bod 9 schv\u00e1len\u00ed prodeje obecn\u00edch pozemk\u016f<\/strong><\/p>\n<ul>\n<li><a href=\"http:\/\/kostelecuholesova.eu\/wp-content\/uploads\/2017\/07\/Zadost_o_koupi_pozemku_Mnacko_ml._22Z-9-1.pdf\" target=\"_blank\">Zadost_o_koupi_pozemku_Mnacko_ml._22Z-9-1<\/a><\/li>\n<li><a href=\"http:\/\/kostelecuholesova.eu\/wp-content\/uploads\/2017\/07\/Zadost_o_koupi_pozemku_Mnacko_st._22Z-9-1.pdf\" target=\"_blank\">Zadost_o_koupi_pozemku_Mnacko_st._22Z-9-1<\/a><\/li>\n<\/ul>\n<p><strong>Bod 10 rozpo\u010dtov\u00e9 opat\u0159en\u00ed<\/strong><\/p>\n<ul>\n<li><a href=\"http:\/\/kostelecuholesova.eu\/wp-content\/uploads\/2017\/07\/Navrh_rozpoctoveho_opatreni_c._12017_22Z-10-1.pdf\" target=\"_blank\">Navrh_rozpoctoveho_opatreni_c._12017_22Z-10-1<\/a><\/li>\n<\/ul>\n<p>ZZO \u2013 zased\u00e1n\u00ed zastupitelstva obce. Dokumenty jsou publikov\u00e1ny tak, jak byly poskytnuty obc\u00ed na z\u00e1klad\u011b m\u00e9 \u017e\u00e1dosti podle z\u00e1kona 106\/1999 Sb. o svobodn\u00e9m p\u0159\u00edstupu k informac\u00edm spolu se zaslan\u00fdm pokynem obce ohledn\u011b u\u017eit\u00ed p\u0159\u00edstupov\u00e9ho hesla do aplikace www.uzob.cz:<\/p>\n<ul>\n<li>volba obce: Kostelec u Hole\u0161ova<\/li>\n<li>u\u017eivatelsk\u00e9 jm\u00e9no: petr.zurek@bigoriginal.cz<\/li>\n<li>u\u017eivatelsk\u00e9 heslo: uzob<\/li>\n<\/ul>\n<p>Autentick\u00fd videoz\u00e1znam ze ZZO \u010d. 22 naleznete <a href=\"http:\/\/kostelecuholesova.eu\/?p=3534\" target=\"_blank\">zde<\/a>.<\/p>\n","protected":false},"excerpt":{"rendered":"<p>Z\u00e1pis bez podpis\u016f a data vyhotoven\u00ed, tak jak byl publikovan\u00fd na uzob.cz \u2013 zapis zastupitelstvo c. 22 &#8211; 27. 6. 2017 Plnohodnotn\u00fd origin\u00e1ln\u00ed z\u00e1pis ze\u00a0ZZO 22 konan\u00e9ho dne 27. \u010dervna 2017 \u2013 zapis zastupitelstvo c. 22 &#8211; 27. 6. 2017 original. P\u0159\u00edlohy k z\u00e1pisu: Bod 2 schv\u00e1len\u00ed upraven\u00e9 projektov\u00e9 dokumentace ve\u0159ejn\u00e9ho osv\u011btlen\u00ed v obci PDF_technicka_dokumentace_VO_22Z-2-1 &hellip; <a href=\"https:\/\/kostelecuholesova.eu\/?page_id=3569\" class=\"more-link\">Pokra\u010dov\u00e1n\u00ed textu <span class=\"screen-reader-text\">ZZO \u010d. 22 \u2013 z\u00e1pis<\/span> <span class=\"meta-nav\">&rarr;<\/span><\/a><\/p>\n","protected":false},"author":1,"featured_media":0,"parent":663,"menu_order":0,"comment_status":"closed","ping_status":"open","template":"","meta":{"_monsterinsights_skip_tracking":false,"_monsterinsights_sitenote_active":false,"_monsterinsights_sitenote_note":"","_monsterinsights_sitenote_category":0,"footnotes":""},"class_list":["post-3569","page","type-page","status-publish","hentry"],"_links":{"self":[{"href":"https:\/\/kostelecuholesova.eu\/index.php?rest_route=\/wp\/v2\/pages\/3569","targetHints":{"allow":["GET"]}}],"collection":[{"href":"https:\/\/kostelecuholesova.eu\/index.php?rest_route=\/wp\/v2\/pages"}],"about":[{"href":"https:\/\/kostelecuholesova.eu\/index.php?rest_route=\/wp\/v2\/types\/page"}],"author":[{"embeddable":true,"href":"https:\/\/kostelecuholesova.eu\/index.php?rest_route=\/wp\/v2\/users\/1"}],"replies":[{"embeddable":true,"href":"https:\/\/kostelecuholesova.eu\/index.php?rest_route=%2Fwp%2Fv2%2Fcomments&post=3569"}],"version-history":[{"count":8,"href":"https:\/\/kostelecuholesova.eu\/index.php?rest_route=\/wp\/v2\/pages\/3569\/revisions"}],"predecessor-version":[{"id":3743,"href":"https:\/\/kostelecuholesova.eu\/index.php?rest_route=\/wp\/v2\/pages\/3569\/revisions\/3743"}],"up":[{"embeddable":true,"href":"https:\/\/kostelecuholesova.eu\/index.php?rest_route=\/wp\/v2\/pages\/663"}],"wp:attachment":[{"href":"https:\/\/kostelecuholesova.eu\/index.php?rest_route=%2Fwp%2Fv2%2Fmedia&parent=3569"}],"curies":[{"name":"wp","href":"https:\/\/api.w.org\/{rel}","templated":true}]}}